 -11*r(c) - 4*s(c). Give o(10).
-10
Let i(z) be the second derivative of -z**4/12 + 7*z**3/6 + z**2 - 29*z + 1. Let q = 32 + -27. Determine i(q).
12
Let f(q) = q**3 + 24*q**2 - q - 19. Let r be f(-24). Let x(i) be the second derivative of -i**4/12 + 7*i**3/6 - 2*i**2 - 5*i. What is x(r)?
6
Let c(x) = 23*x**2 + 2*x. Let g(t) = 10*t**2 + t. Let u(p) = 6*c(p) - 14*g(p). Give u(-1).
0
Let t(v) = -5*v**3 + 13*v**2 + 4*v. Let w(u) = -4*u**3 + 11*u**2 + 2*u - 1. Let g(o) = -3*t(o) + 4*w(o). Determine g(5).
-24
Let w(l) = 2*l + 3. Let o be w(8). Suppose -4*v = o + 1. Let q(s) = s**3 + 5*s**2 - 5*s - 3. Calculate q(v).
22
Let y be (4/10)/((-65)/(-650)). Let u(q) = q**3 - 3*q**2 - q - 7. Give u(y).
5
Let q be (-4)/(-10) - (-6 - (-192)/30). Let m(t) be the third derivative of 1/8*t**4 + 1/2*t**3 - 5*t**2 + q*t + 0. What is m(-2)?
-3
Let a(b) = 2*b - 11. Let m be a(9). Let x(v) = 3*v**2 - m*v**2 - v + 2*v**2. Give x(-2).
-6
Let n(b) = -18*b - 11. Let z be n(-1). Let q(y) = y**3 - 9*y**2 + 15*y - 9. What is q(z)?
-2
Suppose -2*y = -y + 30. Let j = -19 - y. Let z(g) = 2*g + 10 - j + g + g**2. Determine z(-2).
-3
Let v(c) = 2*c**2 - 10*c - 4. Let f(p) = -3*p**2 + 19*p + 9. Let x(s) = -3*f(s) - 5*v(s). What is x(-9)?
-25
Let q(w) = -15*w**3 - 26*w**2 + 11*w - 4. Let o(c) = 7*c**3 + 12*c**2 - 5*c + 2. Let l(t) = -13*o(t) - 6*q(t). What is l(0)?
-2
Let b be ((-28)/16)/7*-24. Let i = -2 + 4. Let g(u) = 2 + 2*u**i + 4*u + 5*u**2 - u**3 - 2*u**2. Calculate g(b).
-10
Suppose -7*d = -38 + 3. Let z(y) = -2*y + 11. Determine z(d).
1
Let s = -3 + 5. Suppose 0*k - s*k = 12. Let p(j) = j + 5*j + 1150*j**2 - 1149*j**2 - 4. Give p(k).
-4
Let h(k) be the second derivative of 4*k**3/3 - k**2/2 + 24*k. Let a(s) = 3*s. Let g(w) = -a(w) - h(w). Let o be (-1)/(-3) - 4/(-6). Calculate g(o).
-10
Let o(k) = k**2 - 2*k - 8. Let u = 707 - 701. Calculate o(u).
16
Suppose -4*i + 4*t - 3*t - 28 = 0, -3*t = 4*i + 28. Let b(a) = a**3 + 6*a**2 - 5*a + 6. Give b(i).
-8
Suppose 0 = -5*w - 30 - 90. Let p = w - -8. Let y = -16 - p. Let i(d) = d - 9. Give i(y).
-9
Let s be 43/5 - (-3)/(-5). Suppose 5*m - t = 2*m + 8, -m = t. Let j(f) = f - 8*f**m - 2*f + 4 + f**2 + s*f**2. Give j(0).
4
Let s(w) = w**2 - 6*w + 9. Suppose 6*l - 16 = 14. Let q be s(l). Let z(g) = -g**3 + 3*g**2 + g - 1. Give z(q).
-13
Let m(k) = -13*k**2 + 5*k - 5. Let u(b) = -7*b**2 + 3*b - 3. Let h(y) = -6*m(y) + 11*u(y). Let o(q) = 43*q + 941. Let i be o(-22). Give h(i).
7
Let l(w) = 4*w - 10. Let a be 19 + 1/3*378/(-21). What is l(a)?
42
Let p(q) = 77 - 66 + 6*q - 7*q. Calculate p(11).
0
Let o(w) = w**2 + 10*w + 8. Let p be o(-9). Let d(q) be the second derivative of 11*q**3/6 + q**2/2 - 14*q - 2. What is d(p)?
-10
Let v(a) be the second derivative of a**5/20 - a**4/2 - a**2 - 2*a - 234. Let l = 2 - -4. Calculate v(l).
-2
Let o(r) = 9*r**2 - 5*r + 5*r. Let j be -12*((-2)/(-4) + -1). Suppose 2*l + x = -4, -l = -3*l + 4*x + j. Give o(l).
9
Let o(c) = 120*c - 23 - 238*c + 120*c. Give o(13).
3
Let v(u) = -7*u**3 - 3*u**2 - 13*u + 4. Let a(j) = 12*j**3 + 7*j**2 + 25*j - 9. Let x(f) = 4*a(f) + 7*v(f). Let m be ((-4)/10)/((-2)/40) - 0. Give x(m).
0
Suppose 0*g = 3*g + 12. Let t = -34 + 35. Let a(l) = -166*l + 169*l - t + 7. Calculate a(g).
-6
Let v(k) = -k**3 - 3*k**2 + 5*k. Suppose -5*g + 4 = -4*r, 4*g - 4*r = -2*r + 8. Suppose g*m + 60 = 8*m. Suppose -2*c - 7 = 3*l + 4, -5*c + 5*l = m. Give v(c).
-4
Let z(j) = -7*j - 95*j**2 + 8 - 97*j**2 + 291*j**2 - 100*j**2. Determine z(-8).
0
Let m(j) = 0*j**2 + 3*j + j + 3 + 3*j**2. What is m(-3)?
18
Let k(l) = -4*l**3 - 4*l + 13. Let o(q) = 2*q**3 + 2*q - 7. Let d(j) = 4*k(j) + 7*o(j). Determine d(2).
-17
Suppose -36*y + 18 = -42*y. Let i(o) = -2*o - 5. Give i(y).
1
Let a(d) = 18*d - 2. Let t = -1508 - -1509. What is a(t)?
16
Let k(h) be the second derivative of h**3 - 23*h**2/2 + 442*h. What is k(5)?
7
Let n(o) be the third derivative of o**9/60480 + o**8/20160 + o**6/180 - o**5/30 - 2*o**3/3 + 14*o**2. Let f(k) be the third derivative of n(k). Determine f(0).
4
Let q(a) be the third derivative of a**6/120 + 13*a**5/60 - a**4/24 - a**3 + a**2 + 108*a. Determine q(-13).
7
Let u(p) = p**2 + 8*p + 6. Let y = 14 + -8. Let q = y + -12. Determine u(q).
-6
Suppose 0 = 2*z - 6 - 10. Let q = 122 - 92. Suppose 2*l - z*l - q = 0. Let p(r) = -r**3 - 6*r**2 - 4*r - 1. Calculate p(l).
-6
Let f(k) = -k**3 - 9*k**2 + k + 1. Suppose z = -5*g - 154 - 141, z = 5*g + 295. Let v = 50 + g. What is f(v)?
-8
Let y(l) = -l**2 + 4*l + 1. Let u = 20 - 16. Let o be y(u). Let m(p) = o - 5 - p - 4 + 2. Determine m(-3).
-3
Suppose 1 = -4*t - 3. Let j be t*(-4 - -6)/2. Let g(i) = -5*i + 1. Determine g(j).
6
Suppose -686*w = -661*w - 25. Let b(s) = 3*s - 3*s - 1 - 2*s**2. Determine b(w).
-3
Let j(p) be the third derivative of 0 + 0*p - 1/24*p**4 + p**3 + 17*p**2. Give j(6).
0
Let a(n) = -n**3 + 5*n**2 - 5*n + 3. Let g be 4/(120/(-102)) - (-3)/(-5). Let m(u) = -2*u**3 + 11*u**2 - 11*u + 7. Let w(s) = g*m(s) + 9*a(s). Give w(0).
-1
Let z(k) = 8*k**2 - k + 14. Let r(x) = 5*x**2 - x + 8. Let t(i) = -5*r(i) + 3*z(i). Determine t(-3).
-13
Let r(g) = 8 + 7 - 10 + g**2 - 7*g - 10. Let u be -3 + 1 + 10 + 0. What is r(u)?
3
Let k(z) = -3*z + 7. Suppose -5*u = 20, u + 12 + 10 = -o. Let m = o + 23. Give k(m).
-8
Let o(g) = -g**2 + g - 9. Let s(k) = -k**3 - 9*k**2 - 16*k + 5. Let m be s(-6). What is o(m)?
-65
Let i(m) = m + 32. Let p be i(-7). Suppose 20*b - p = 15*b. Let w(t) = t**2 - 5*t - 7. Determine w(b).
-7
Let r(c) = 20*c**3 - c - 1. Let l(i) = 2*i**2 + 15*i + 6. Let p be l(-7). Calculate r(p).
-20
Let q(d) = -2*d**2 + 2*d - 1. Suppose 3*o = 2*c + 9, 0*c + 9 = c + 3*o. Let v = c + -6. Let p be ((-1)/(-3))/(1/v). Calculate q(p).
-13
Let f(n) = 5 - 6*n**2 + 42*n**2 - 9*n**3 + 3 - 16*n + 8*n**3 - 18*n**2. Give f(17).
25
Let l be (1 - 2) + (-5)/(-1). Let b(v) = -3*v - 2. Determine b(l).
-14
Let y(p) be the first derivative of 3 - 14 + 3*p**2 - 4*p**2. Determine y(1).
-2
Let x = -409 + 413. Let z(d) be the second derivative of 3*d + 0 + 0*d**2 - 1/6*d**3 - 5/12*d**x. Determine z(1).
-6
Let h(x) be the first derivative of 7 + 0*x + 1/24*x**4 + 1/6*x**3 - 1/2*x**2. Let u(v) be the second derivative of h(v). Calculate u(-1).
0
Let l(z) = -z**2 + 15*z - 32. Suppose -10*j + 5*k + 105 = 0, 2*k = k + 5. Calculate l(j).
-6
Let q(m) = -3*m**2 - m + 2. Let l(t) = -16*t**2 - 4*t + 10. Let w be 5/(-10*1/(-4)). Let g(b) = w*l(b) - 11*q(b). Calculate g(3).
16
Let w(f) be the first derivative of -f**3/3 + f**2/2 - f + 1. Suppose -7*y - 222 + 243 = 0. What is w(y)?
-7
Let v = 64 + -55. Let w(y) = -y**3 + 10*y**2 - 8*y. Calculate w(v).
9
Let r(g) = 1075*g + 4 - 542*g - 536*g. Suppose -3*y = -0*w + 5*w - 1, -w - 1 = y. Give r(y).
13
Let j(m) = 5*m**3 - 9*m**2 - 5*m - 17. Let q(c) = -6*c**3 + 11*c**2 + 6*c + 18. Let s(p) = 5*j(p) + 4*q(p). Give s(0).
-13
Suppose -29 + 53 = 8*a. Let v(l) be the second derivative of 1/6*l**a + l + 0*l**2 + 0. What is v(4)?
4
Let n(k) = 2*k**3 - 3*k**2 + 3*k - 3. Suppose 0 = -7*f + 15*f - 16. Calculate n(f).
7
Let q(r) = -r**3 - 5*r**2 + 8*r. Let u be (-36)/6*-3*3*1. Suppose 30 = u*f - 59*f. What is q(f)?
-12
Let k(p) = -p**3 - 7*p**2 + 9*p - 3. Let r = 71 - 52. Let j = 11 - r. What is k(j)?
-11
Suppose -n - 5*s - 8 = 0, -4*n - 2*s = 12 + 2. Let u be n + (-3)/(3 - 4). Let d(m) = -m**3. Let c(b) = b**2 - b. Let h(l) = -c(l) + d(l). Determine h(u).
0
Let f(v) = -28*v - 1. Let p(s) = 38*s + 2. Let u(d) = -4*f(d) - 3*p(d). Let l(w) = 0 - w**3 - 7 + 8*w + 2*w**3 - 7*w**2. Let h be l(6). Calculate u(h).
-12
Let k(i) = i**2 - 9*i - 3. Let a = -28 + 28. Suppose a*n - 45 = -5*n. Let g be k(n). Let f(p) = -p**2 - p - 4. What is f(g)?
-10
Suppose -o = 3*o - 8. Let d(u) = -4 + 5 - o*u**2 + 3*u**2. Determine d(2).
5
Let i(q) = -10*q - 5. Let p(t) = -9*t - 4. Let j(x) = 3*i(x) - 4*p(x). Suppose 2*z = 4*r - 256, -2*z + 185 = 14*r - 11*r. Let o = r - 64. What is j(o)?
-5
Suppose -277*y + 35 = -270*y. Let f(i) = -i**2 + 5*i. Calculate f(y).
0
Suppose -2*l + 11 = -l. Let t(x) = x**2 - 12*x + 15. Let o be t(l). Let j(f) = 3*f - 2. What is j(o)?
10
Let s(m) = -m**2 + m**2 - 4716 + 0*m + 4709 + 7*m - m**2. What is s(8)?
-15
Let w(j) = j**2 - 8*j + 4. Let y be (-6)/12*(-2 + -116). Suppose -18 = 56*q - y*q. Calculate w(q).
-8
Let t(x) be th